3).
48
Let f(i) = -3*i**2 + 20*i + 5*i**2 - 9 + 15. Let r be f(-10). Let c(m) = -m + 4. Give c(r).
-2
Let t(w) = -4*w + 2. Let y be -1 - ((-22)/(-2))/11. What is t(y)?
10
Suppose -3*v - 12 = 0, -v - 16 = 4*a + 3*v. Suppose a = i - 1 - 1. Let x(w) = -w + 0*w**3 - 3*w**2 + 1 - 3*w**i + 2*w**3 - 3*w**3. Calculate x(-6).
7
Let b(p) = -421*p + 220*p + 202*p + 1. Suppose -x - 2 = -2*x. Let s be ((-1)/(-3))/(x/(-6)). Give b(s).
0
Let i(c) = -c**3 - 5*c**2 + c - 1. Let l be ((-8)/(-5))/(94/(-235)). Calculate i(l).
-21
Let y(k) = 6*k + 1. Let a(q) = -21*q + 1. Let o(t) = -a(t) - 3*y(t). Let z(d) = -d**2 - 8*d - 6. Let m be z(-6). Determine o(m).
14
Let h(o) = o**2 + 1. Let m(l) = -6*l**2 - l - 7. Let p(j) = -5*h(j) - m(j). Let z = -7 - -13. Let a be 9 - z - (2/2 - 0). Determine p(a).
8
Let d(z) = z**2 - 4*z + 4. Suppose 0 = -3*m + u - 13, -8*u + 11*u + 15 = 0. Calculate d(m).
64
Let b = -5 - -8. Suppose -3*d - b*w - 15 = 0, 5*d + 2*w = -33 - 4. Let g be (-3)/d*(5 - 5). Let p(u) = u**3 + u**2 - u + 7. Give p(g).
7
Let t(x) be the first derivative of 7*x**4/4 + x - 53. Calculate t(-1).
-6
Suppose -5*q - 13 = -2*i, 4*i - 9 = -4*q + 3. Let z(r) = -i*r + 1 - 21*r**3 + 5*r**2 + 22*r**3 + 5. Determine z(-6).
-6
Suppose 0 = -2*o - 5*y + 4*y + 1, 5*o + 10 = -5*y. Let l(w) = o - 5*w**2 - 2*w + w**3 + 2 + 1. Calculate l(5).
-4
Suppose 3*w - 45 = -2*w. Let v = -9 + w. Suppose v = 4*m + 16, 2*t - m = m + 2. Let y(r) = -5*r - 3. Give y(t).
12
Let g(k) = -2*k**2 - 163 + 3*k**2 - 8*k + 168. Calculate g(8).
5
Suppose -16*y - 75 = -219. Let s(u) = -u**3 + 9*u**2 + 15. Calculate s(y).
15
Let l(g) be the first derivative of -g**4/2 - 4*g**3/3 - 3*g**2/2 - 3*g + 265. Calculate l(-3).
24
Suppose -2*v - 8 = -6*v. Suppose 8*q + 2 = v. Let l(c) = -c - 1. What is l(q)?
-1
Let k(v) = 449*v**3 + 451*v**3 - 1354*v**3 + v - 6*v**2 + 10 + 453*v**3. Calculate k(-6).
4
Let w(d) = 3*d + 5. Let t = 19 + -17. Let f be 5/((-1)/1) + t. Let y be -1*(-4 + 11) - f. What is w(y)?
-7
Let c(r) = -29 + 50 - 25 - 422*r**3 + 7*r + 423*r**3 - 6*r**2. Suppose 3*n = 9 + 6. Give c(n).
6
Let p(j) = j + 2. Let l be p(2). Let f(v) = 0*v**3 + 3*v + 4*v**3 - 3*v**3 - 5*v**2. Determine f(l).
-4
Let x(p) = -20*p**2 - 13*p + 1. Let u(r) = -11*r**2 - 7*r. Let a(i) = -11*u(i) + 6*x(i). What is a(0)?
6
Let a(g) = 5*g + 143. Let y be a(-28). Let x(b) = 8*b + 3. Let u(r) = 2*r + 1. Let w(j) = 22*u(j) - 6*x(j). What is w(y)?
-8
Let k(u) = -23*u - 168. Let q be k(-7). Let b(z) = -z**3 - 9*z**2 - 8*z - 2. Give b(q).
-44
Let v(b) = 64*b - 323. Let z be v(5). Let n(w) = -w**3 - 4*w**2 - 3*w - 7. Determine n(z).
-7
Let c be (-3)/18 + (-66)/36. Let s be c/(-2)*-1*(-3 + 0). Let r(w) = -4*w + 2. Determine r(s).
-10
Let j(r) = -r**3 + 4*r**2 + 2*r - 4. Suppose 4*o = -5*o + 36. Give j(o).
4
Let i(q) = -q**2 + 1. Let v be (2/(-6))/(1/(-3)). Let n(y) = -3*y**2 - 7*y - 9. Let r(b) = v*n(b) - 4*i(b). Let u(d) = -4*d - 59. Let o be u(-17). What is r(o)?
5
Let f be 6/(-2) - -3 - -4. Let r = 2 + f. Let k be (-3)/r + (-18)/4. Let p(x) = x**3 + 6*x**2 + 5*x + 3. What is p(k)?
3
Let b(v) = v**2 + 15 - 8 - 15 + 4*v + 7. Let w = 2 + -6. Determine b(w).
-1
Let h(i) = 22*i + 220. Let p be h(-10). Let q(m) = m + 16. What is q(p)?
16
Let r(u) = 2*u**2 + u - 2. Let h = -1 - -6. Suppose -3*j + 16 = 4*c + h, 2*c - 3 = j. Let s be -1 - j*(-2)/(-1). What is r(s)?
13
Suppose -5 = -3*z - 23. Let m be (14/21)/((-1)/z). Suppose m*g - 20 = -4. Let b(s) = -s**2 + 5*s - 4. What is b(g)?
0
Let j(i) be the third derivative of 8*i**5/15 + i**4/24 + i**3/6 + 46*i**2 + 2. Give j(-1).
32
Let j(u) = -2*u - 3*u + 0 + 3. Let a(t) = 1. Suppose 28*d + 3*m = 23*d - 26, -4 = 2*d - 2*m. Let x(k) = d*a(k) + j(k). Determine x(-1).
4
Let o(t) be the second derivative of t**5/20 - 7*t**4/12 + t**3/3 + 7*t**2/2 - t + 63. Determine o(6).
-17
Let m(u) = -u**3 - u**2 + 3*u. Let f(r) = 5*r**3 + 19*r**2 - 32*r + 18. Let h(x) = f(x) + 6*m(x). Calculate h(12).
-6
Let z(s) = -15*s**3 - 4*s**2. Let t(n) = -4*n**3 - n**2 - 1. Let h(r) = -4*t(r) + z(r). Determine h(0).
4
Let t(h) = -h**2 + 7*h + 7. Suppose 4*s - 4*u - 29 - 3 = 0, 0 = 2*s + u - 13. Determine t(s).
7
Let z(x) = x**3 + 3*x**2 - 6*x - 3. Let s(t) = t**2 - t - 16. Let w be s(4). Give z(w).
5
Let v(a) be the third derivative of 0*a + 0 + 4*a**2 - a**3 + 1/24*a**4 + 1/120*a**6 + 0*a**5. What is v(0)?
-6
Let o(t) = -t**2 - 8*t - 11. Let q(g) = -2*g + 10. Suppose -5*a + 25 + 10 = 5*c, -24 = -2*a + 3*c. Let y be q(a). Determine o(y).
-11
Let z(b) = -3*b + 57. Let i be z(16). Let m(c) = c**2 - 7*c - 7. Give m(i).
11
Let j(v) = -v**2 - 5*v + 9. Suppose h + 2*h + 14 = 4*g, 3*g + 4 = -5*h. Let r be (-3 - g) + (-12)/4. Determine j(r).
-15
Let b(y) be the second derivative of y**4/6 + y**3 - 3*y**2/2 + 13*y + 1. Determine b(-3).
-3
Suppose -5*t + 0*t + 15 = 0. Suppose -4*d - 3 = -7*d. Let n(l) = -6*l + 0*l - d + l + 3*l. Give n(t).
-7
Suppose 0 = -4*g + 5*t + 15 - 1, 5 = g - 2*t. Let r(w) = -28*w**2 + w + 1. Give r(g).
-26
Let i be 17/68 - (-19)/8*2. Suppose 4*v + 4 = 0, c + i*v + 2 = -3. Let h(q) = q**3 - q**2 + q - 7. Calculate h(c).
-7
Let k(i) = 20*i + 46. Let j(x) = -4*x - 9. Let f(d) = 16*j(d) + 3*k(d). Determine f(10).
-46
Let v(b) = 14*b**2 + 1009*b**3 + 7*b**2 - 4*b + 21 + 20*b - 1007*b**3. Let d(y) = -y**3 - 11*y**2 - 8*y - 11. Let r(h) = 5*d(h) + 3*v(h). Determine r(-7).
1
Let j(x) be the first derivative of -x**3/3 - x**2 - 2*x + 1. Suppose 85*i - 145*i = 120. What is j(i)?
-2
Let y(r) = r**2 + 16*r + 41. Let z(v) = 2*v**2 + 14*v + 42. Let j(i) = -3*y(i) + 2*z(i). Determine j(22).
5
Let k(i) = i**2 - 4*i + 2. Let v = 13 + -8. Let h = -249 - -249. Suppose 3*x + 3 = h, v*y = -0*y + 4*x + 29. What is k(y)?
7
Let p be (-1)/((3/15)/1). Let y be (-66)/(-14) - (-8)/28. Let x(g) = 1 - 5*g - 4 - y + 3 - g**2. Give x(p).
-5
Let b(r) = r**3 - 6*r**2 + 2*r + 2. Let v = -52 - -57. Give b(v).
-13
Suppose -1 = -y, 3*i - 3*y - 12 = 3. Let n(p) = -3*p**2 + 4*p + 4. Let o(d) = -7*d**2 + 9*d + 8. Let g(u) = 5*n(u) - 2*o(u). What is g(i)?
-20
Let a(c) be the first derivative of -c**6/360 + c**5/60 - c**4/12 - 5*c**3/3 + 12. Let t(y) be the third derivative of a(y). Calculate t(3).
-5
Let v be ((-44)/(-6))/((-8)/(-12)). Let c(q) = -v*q + 4 - 4 - 1. Suppose -10 = 2*j, -196 = d - 3*j - 210. Give c(d).
10
Let n = 40 - 48. Let a be ((-8)/10*-1)/(n/100). Let c(b) = b**2 + 9*b - 9. What is c(a)?
1
Let h(n) = 3*n**2 - 44*n + 42*n - 3 - 2*n**2. Give h(3).
0
Let b(i) = i + 1. Let a(h) = 7*h + 12. Let o(u) = -a(u) + 3*b(u). Calculate o(-6).
15
Let a(s) = -5*s**2 - 1. Suppose -2*x + 13 = -5. Let z(g) = -2*g**2 + 19*g - 8. Let v be z(x). Determine a(v).
-6
Let b(i) be the first derivative of -i**2/2 + 15*i + 47. What is b(8)?
7
Let i(h) = -29*h**2 + h - 11. Let u(b) = -16*b**2 - 6. Let t(k) = 3*i(k) - 5*u(k). Give t(2).
-25
Let r = 37 + -27. Suppose -2 = 4*n - r. Let p(b) = -n - 1 + 10 - b + 0*b. Calculate p(5).
2
Let g(i) = -102*i - 8 - 106*i + 207*i. Give g(11).
-19
Let d(c) = 1 - 2 + 2 - 2*c. Let i = -19 + 19. Suppose 5*w - 6*w + 4 = i. Give d(w).
-7
Suppose -5*v + 113 = 3*l, 3*l - l = -v + 24. Let q be 4/v + 860/110. Let n(i) = i - 2 - q + 1. Calculate n(5).
-4
Let g(r) = r + 19. Let j be (33/(-132) - 2/(-8))/1. Give g(j).
19
Let k(j) = j**3 - 5*j**2 - 5*j - 6. Let s = 25 + -26. Let u be ((-32)/4)/(s - 1). Suppose u*y = -5*t - 8 + 58, 4*y = 20. Determine k(t).
0
Let s(a) = a**2 + a - 8. Suppose -4*y = -8*y + 28. Suppose y*x - 2*x = 3*x. Give s(x).
-8
Let z(u) = -u**2 - 8*u - 15. Suppose 48*j - 50*j = 14. Give z(j).
-8
Suppose 3*t - 3 - 6 = 0. Suppose t*k - 3*x + 9 = 0, 5 + 2 = -3*k + x. Let p(c) = -c**3 - c**2 + 2. Determine p(k).
6
Let d(h) = -h + 7. Let k be (-10)/2 + 6 - 10/(-2). Calculate d(k).
1
Let q be (-13)/(-3) - (-2)/(-6) - -1. Suppose -4*n + 25 = q. Let b(j) = 0*j**3 + 8*j - 2*j - 4 + 4*j**2 - j**3. Determine b(n).
1
Let q = 935 + -938. Let c(o) = 5 - 6 + o - 2*o**2 - 4*o. Give c(q).
-10
Let c(s) = -s**3 - 3*s**2 + 2*s - 4. Let t(d) = d - 1. Let p be t(-3). Let g be c(p). Let m(q) = q - g - 1 - 3. What is m(8)?
0
Let k(v) = v**3 + 9*v**2 - 6*v - 2. Let a = 65 - 61. Let x(q) = -q**3 - 8*q**2 + 5*q + 1. Let p(g) = a*x(g) + 3*k(g). Calculate p(-6).
22
Let j(m) be the third derivative of -m**6/120 + m**5/12 - m**4/24 - 2*m**2. Suppose 5